 when k is divided by 8?
5
Suppose a = 4*n - 93, -4*n - a + 50 = -49. Calculate the remainder when 52 is divided by n.
4
Suppose -5*i = 3*u - 2, 0*u - 5*u + 30 = -5*i. Let m = -4 - -9. Suppose 9 = -u*h - m*w, -2*h - 2*w = 2*w + 12. What is the remainder when 6 is divided by h?
2
Suppose 90 = 5*b - 3*b. What is the remainder when b is divided by 8?
5
Let d(v) = 2*v**3 - 3*v**2 - 2*v + 1. Let n = 3 + 9. What is the remainder when d(3) is divided by n?
10
Suppose 3*i + 6 = 6*i. Suppose -c + 5*c + 21 = 5*y, 0 = 3*y - i*c - 11. Suppose a - y = 5*q, 2*q = -0*q + 2. What is the remainder when 16 is divided by a?
4
Let b = -21 + 56. What is the remainder when 67 is divided by b?
32
Let u(z) = 4*z**2 + 3*z + 2. Let k = 25 - 18. What is the remainder when u(-2) is divided by k?
5
Suppose -o + 3 = 2*x, 0 = 5*x - o + 5*o - 6. Suppose -x*p = -28 - 30. Calculate the remainder when p is divided by 10.
9
Let o be (-99)/3*(1 - 0). Let l = -8 - o. Calculate the remainder when l is divided by 9.
7
Calculate the remainder when 182/18 - (-3)/(-27) is divided by 6.
4
Let v(i) = 5*i + 4. Let s = -10 - -18. Calculate the remainder when v(s) is divided by 15.
14
Suppose 54*d + 40 = 56*d. What is the remainder when 114/(-4)*8/(-6) is divided by d?
18
Suppose y + 18 = 32. Calculate the remainder when 53 is divided by y.
11
Let c(l) = 3*l - 2. Let w be (-1)/(-4) + 92/16. Calculate the remainder when c(w) is divided by 6.
4
Let j(g) = g**2 - 2*g + 1. Let h be 4 - (0/(-3) - 1). Suppose -h*d = -3*d - 12. Calculate the remainder when j(-3) is divided by d.
4
Suppose 7*n - 12*n = -35. Calculate the remainder when 34 is divided by n.
6
Let x = 39 - 27. What is the remainder when -3 + 39 + 4 + -5 + -2 is divided by x?
9
Suppose 24 = 18*k - 16*k. What is the remainder when 29 is divided by k?
5
Suppose -4*d + 6 = -d. Suppose 2*f + 3*m = -3 - 5, m = -d*f. What is the remainder when 1*((-40)/(-5) + -3) is divided by f?
1
Suppose 4*l + 18 = 74. What is the remainder when 50 is divided by l?
8
Let p = 158 - 110. What is the remainder when 237 is divided by p?
45
Suppose -51 = 5*q - 111. Calculate the remainder when 46 is divided by q.
10
Suppose -29 = -4*q + 3*q + p, -3*p - 121 = -4*q. Calculate the remainder when q is divided by 19.
15
Suppose 8 = -4*r, 0 = -2*f - 3*r + 4 + 24. What is the remainder when 49 is divided by f?
15
Let h(v) = -v**3 + 3*v**2 + 4*v + 4. Let c be h(4). Suppose -c*w = 5*g - 75, -6*w = 3*g - 4*w - 45. Calculate the remainder when 59 is divided by g.
14
Calculate the remainder when 20 is divided by (-3 - 39/(-3)) + 3/3.
9
Let t = -17 - -24. Suppose -10 = 19*r - 20*r. Calculate the remainder when r is divided by t.
3
Let j = -67 - -138. Calculate the remainder when j is divided by 18.
17
Let a(s) = 7*s - 19. Calculate the remainder when a(13) is divided by 15.
12
Suppose 6*r - 54 = 3*r. Let k(t) = -18*t - 2. Calculate the remainder when k(-3) is divided by r.
16
Suppose 0 = -5*z - 0*z + 5*i + 75, 4*i + 18 = z. Suppose -u = -33 - 2. Let x = u - z. Calculate the remainder when x is divided by 11.
10
Calculate the remainder when ((-532)/(-8))/((-1)/(-2)) is divided by 45.
43
Let p be 3*((-4)/12)/1. What is the remainder when 37 is divided by (-39)/6*2/p?
11
Let i(h) be the second derivative of -7*h**5/20 + h**4/12 - h**3/6 - h**2/2 - 6*h. What is the remainder when 20 is divided by i(-1)?
4
Let m(k) = k + 1. Let z be m(0). Let r(c) = 6*c**2 + 2*c - 1. What is the remainder when r(z) is divided by (-2)/3 - 44/(-12)?
1
Calculate the remainder when 6*(-2)/((-6)/17) is divided by (39 + 6)*(-6)/(-15).
16
Let n(f) = f**3 - 4*f - 3. Let u be n(-2). Let a(q) be the first derivative of 4*q**3/3 + 2*q**2 - q - 1. What is the remainder when 68 is divided by a(u)?
22
Let v be (33/(-9) + 2)*24. Let f be (6 - 0)/2 - v. Let n = -17 + f. Calculate the remainder when 51 is divided by n.
25
Let u be (-1 + (-2 - -4))*10. Suppose -20 = -3*q + u. What is the remainder when 1 + (15 - 4/(-2)) is divided by q?
8
Suppose -h - 3*f + 27 = 0, -5*h + 0*h + 135 = 5*f. What is the remainder when h is divided by 15?
12
Let m = -26 - -36. What is the remainder when 28 is divided by m?
8
Let m = 7 - 3. Let o = -79 - -89. Suppose m*h - o - 42 = 0. Calculate the remainder when 49 is divided by h.
10
Suppose 3*a = -4*i + 742, 744 = 4*i + 7*a - 3*a. What is the remainder when i is divided by 31?
29
Suppose -4*i + 46 = -90. Let m = -8 + i. Suppose 9 = -h + 85. Calculate the remainder when h is divided by m.
24
Let u(h) = h - 3. Let x be u(8). Let d = 2 + x. What is the remainder when 19 is divided by d?
5
Let n = -15 - -22. What is the remainder when n is divided by 4?
3
Suppose 2 = -2*r + 16. Calculate the remainder when r is divided by 1.
0
Calculate the remainder when 63 is divided by (34/(-6))/(2/(-6)).
12
Suppose -4*k + 3*p = -89, 79 = 4*k - 4*p - p. Let n(b) = -b**2 - 21. Let g be n(0). Calculate the remainder when k is divided by (g/2)/((-3)/4).
12
Let l(z) = 2*z - 5. Let m be l(6). Let t = 7 - 4. What is the remainder when -3 + m - (-1 - 0) is divided by t?
2
Suppose v - 3*v = -4. Suppose -m = 4, v*d + m - 6 = -0*d. Calculate the remainder when 9 is divided by d.
4
Suppose 46*g - 50*g = -408. Calculate the remainder when g is divided by 15.
12
Suppose -8*c = -93 - 43. Suppose 4*s = 2*j, -5*j - 5*s + 0*s = -75. Calculate the remainder when c is divided by j.
7
Suppose 3*i + 22 - 139 = 0. What is the remainder when i is divided by 11 + (-3)/(1 + 2)?
9
Let c = 10 - -5. Let h be 6/(-1*6/(-8)). Let o(g) = g. Calculate the remainder when c is divided by o(h).
7
Suppose -25*j = -20*j - 85. Calculate the remainder when 46 is divided by j.
12
Let z(h) = h**3 - 2*h**2 - h + 1. Let k be z(4). What is the remainder when 55 is divided by k/2 - (-2)/(-4)?
13
Let i be (4/(-6))/(16/120). Let t(n) = 3*n**2 + 2*n - 2. What is the remainder when t(i) is divided by 16?
15
Let a(l) = l**3 - l**2 - l + 1. What is the remainder when 61 is divided by a(3)?
13
Let v = -64 - -151. What is the remainder when v is divided by 18?
15
Suppose -t = -3 - 1. Let a be t - 0 - 1/1. Suppose -a*y = -y - 112. What is the remainder when y is divided by 19?
18
Let z(c) = 5*c - 12. Calculate the remainder when z(7) is divided by 8.
7
Let z(y) = 2*y**2 - 6*y + 5. Calculate the remainder when 51 is divided by z(4).
12
Let c(l) = -l**3 + 4*l**2 + 10*l - 13. What is the remainder when 59 is divided by c(5)?
11
What is the remainder when (-3)/((-12)/8) + 78 is divided by 41?
39
Let w(z) = 2*z**2 - 4*z + 4. Suppose -47 = -5*y + 98. What is the remainder when y is divided by w(3)?
9
Let w = -54 - -101. Suppose 0*s - s - 50 = -3*m, -5*s - 10 = 0. Calculate the remainder when w is divided by m.
15
Let c(u) = -u + 7. Let x(j) = -2*j**3 - 2*j**2 + 2*j + 1. Let w be x(-2). What is the remainder when 3 is divided by c(w)?
1
Let l = 107 + -69. Let i = -7 - -10. Suppose -u + i*u - 26 = 0. Calculate the remainder when l is divided by u.
12
Calculate the remainder when 13 is divided by ((-5)/(-3))/((-6)/(-18)).
3
Suppose 3*f + 4*b = 16, 10 = 2*f - 2*b + 4*b. Suppose -52 = -f*z - 0*z. Let t(n) = 4*n**2 + n + 4. Calculate the remainder when t(-3) is divided by z.
11
Let g be (2/3)/(5/45). Let i be -6*(-3)/6 - g. What is the remainder when (-6 + -1 - i)*-4 is divided by 6?
4
Suppose i - z + 5 = 4, 3*z - 5 = 5*i. Let n(l) = 25*l**2 - 2*l - 1. Let d be n(i). What is the remainder when -3 + 4*d/4 is divided by 8?
7
Let y(k) = -k - 4. Let a be y(-6). Suppose -3*m - 8 = -5*q + 6, 0 = 5*q - m - 18. What is the remainder when 15/a + 2/(-4) is divided by q?
3
Suppose 0 = -5*i - 2*t + 50, i + 5*t = -3*i + 23. What is the remainder when 33 is divided by 4 + -1 + i + 2?
16
Suppose -4*m - 5 = -5*m. Calculate the remainder when 9 is divided by m.
4
Suppose 6 = 3*c - 0*c - 5*a, -5*c - a + 10 = 0. Suppose 5*i - 69 = c*i. What is the remainder when i is divided by 8?
7
Suppose 77 = 4*c - 3*v, -5*c + 5*v + 19 = -71. Calculate the remainder when 112 is divided by c.
20
Let v(p) = 1 + 2*p + 2*p**2 - 1 + 2*p. Let w be v(-4). Suppose -19 = -5*d + w. What is the remainder when 27 is divided by d?
6
Suppose 2*o - 5*g - 8 = 0, 2*g - 13 = -5*o + 7. Suppose s - 220 = -o*s. Suppose s = -2*b + 4*b. Calculate the remainder when b is divided by 8.
6
Suppose -2*g + 4*g + 22 = 0. 